at is the tens digit of (-75 - 6)/(i/(-2))?
5
Suppose 0 = -t + 4*y - 11, -t + 0*t - 3*y = 46. Let x = t + 45. What is the tens digit of x?
1
Suppose -4*v + 10 - 2 = 0. Suppose 0 = 3*x + 5*s - 28, -4*x + 15 = x + v*s. Suppose 3*o - 2*o - x = 0. What is the units digit of o?
1
Let y(x) = -x**3 - 4*x**2 - 3 - 3 + 3 + 2*x + 2. What is the units digit of y(-5)?
4
Let x be ((-7)/21)/((-2)/6). Let g(i) = -2*i + 4*i**3 + 1 + 0 + 0*i**3. What is the units digit of g(x)?
3
Suppose 0 = -0*a + 5*a - 440. What is the tens digit of a?
8
Let b(p) = -10*p - 4. Let m be b(-6). Suppose 5*q - m = 14. Suppose -3*a + q = -4. What is the units digit of a?
6
Suppose -2*d + 14 + 84 = 0. Suppose 5*s + 16 = s. What is the tens digit of 1/s - d/(-4)?
1
Let w(i) = i**2 + i + 40. Suppose -7*r + 10*r = 0. What is the units digit of w(r)?
0
Let x(u) be the second derivative of -u**3/6 - 2*u**2 - 2*u. Let b be x(-5). Suppose -a - 2*q + 0*q + b = 0, 0 = 2*a + 5*q + 1. What is the units digit of a?
7
Suppose 3*d - 30 = 2*d. What is the units digit of d?
0
Let r be 47/4 + 3/12. Let f be r/2 + 4/(-4). Suppose 5*p = -5*i + 30, -3*p + f = 2*p. What is the units digit of i?
5
Let x(g) be the third derivative of 0*g**4 - g**2 + 0*g + 0 + 1/30*g**5 - 1/6*g**3 - 13/120*g**6. What is the tens digit of x(-1)?
1
Suppose s + 3*j = -0*j - 18, -5*s - 3*j - 114 = 0. What is the units digit of ((-3)/(-2))/((-1)/s)?
6
Let i = 105 + -60. What is the units digit of i?
5
Suppose 0 = -h - 0*h - 5. Let i be h/2*(-18)/15. Suppose 0 = 3*x + 3*f - i, 0*f = x + 5*f + 7. What is the units digit of x?
3
Suppose 0*a = 14*a - 952. What is the units digit of a?
8
Suppose 81 - 4806 = -15*o. What is the tens digit of o?
1
Let y = 3 + 4. Let j = -6 + y. What is the units digit of 26/(-1)*j/(-2)?
3
Let t(u) = u**3 - 3*u**2 + 6*u + 1. What is the tens digit of t(3)?
1
Let d = -7 + 3. What is the units digit of 24/(-14)*14/d?
6
Suppose -3*m = -10 + 4. Let a = 2 - m. Suppose 9*i - 4*i - 4*q - 100 = a, -5*q = -2*i + 57. What is the tens digit of i?
1
Let l = -11 + 16. Suppose 3 = l*a - 2*a. What is the units digit of a?
1
Suppose -5*u + 176 = -u. What is the units digit of u?
4
Let s(m) = m**2 + 5*m - 4. Let o be s(-6). Suppose -3*z - o*g = -64, -2*z + 4*g = -29 - 3. What is the tens digit of z?
2
Let o(b) = 4*b - 8. Let s be o(7). Suppose 0*y = -3*y. Suppose -10 = 5*t + 5*c, 5*c - c + s = y. What is the units digit of t?
3
Let a = -90 + 143. What is the tens digit of a?
5
Suppose -14*u = -13*u - 14. What is the tens digit of u?
1
Let u = 10 - 10. Suppose -2*n + 44 + 12 = u. What is the units digit of n?
8
What is the tens digit of ((-3)/(4 + -5))/(1/33)?
9
Let k(r) = -r**2 + 3*r. Let o be k(4). Let j(b) = 2*b**2 - 2. Let f be j(-2). Let u = f + o. What is the units digit of u?
2
Let y(l) = l**2 + 13*l + 8. What is the units digit of y(-16)?
6
Let k = 9 + -18. What is the units digit of 4/(((-15)/k)/5)?
2
Suppose b + 6 = 2*d, 4*b + 3*d = -d - 48. What is the tens digit of (-2)/b + (-268)/(-10)?
2
Let y = 104 - 30. What is the tens digit of y?
7
Suppose 4*g + 4*h - 128 = 0, 2*g - 3*h - 114 = -g. What is the units digit of g?
5
Let z(p) = p - 2. Let j be z(5). Suppose -4*s - j*d + 8 = 0, -3*d - 23 = -3*s - d. Suppose s*n - 3*n - 14 = r, 0 = n + 5*r + 15. What is the units digit of n?
5
Suppose -4*i = 2*t - 86, 0 = 2*i - 5*i + 3*t + 51. Let d be (-165)/i - 2/(-8). Let y = d + 15. What is the units digit of y?
7
Let n = 3 + 0. Suppose 0 = h - 4, 2*d - n*h = 4 + 2. What is the units digit of d?
9
Let n = -19 + 29. Suppose n = 5*z - 10. What is the units digit of z?
4
Let h(b) be the first derivative of -b**2/2 - 3. Let o be h(-6). What is the units digit of 2/o - 132/(-9)?
5
Suppose 0 = -2*u + 637 + 43. What is the tens digit of u?
4
Let k(l) = 4*l + 3. Let b(i) = -8*i - 6. Let v(o) = 3*b(o) + 7*k(o). What is the units digit of v(3)?
5
Let c be -1 + -3 + 4*11. Let s = 65 - c. What is the units digit of s?
5
Suppose b - 196 = -3*b. What is the tens digit of b?
4
What is the units digit of ((-140)/21 - -5)/((-2)/276)?
0
Let m(y) = y**2 - 6*y. What is the units digit of m(7)?
7
Let g be 23/4 + (-2)/(-8). Suppose 11*s - g*s = 90. Suppose 2*y = -4*n + s, 0 = -4*n + 4*y - y - 7. What is the units digit of n?
2
Let v = -2 - -5. Let k be 3/(-9)*-1*v. What is the units digit of (k/1)/((-4)/(-12))?
3
Let v(b) = b**2 + 1 + 7*b + 2 + 4. What is the units digit of v(-6)?
1
Let v = 203 + 80. What is the tens digit of v?
8
Suppose 0*l = 3*w - 4*l - 20, -5*w - 2*l = -42. Suppose -w = -3*j + 7. Suppose -1 = -3*v - 3*g + 11, -3*v = -j*g + 4. What is the units digit of v?
2
Let b = 31 - 24. Let t = b + 16. What is the units digit of t?
3
Let p = 62 + -38. What is the tens digit of p?
2
Let x(a) = a**2 - 12*a - 11. Let j be x(12). Let o = 32 + j. What is the tens digit of o?
2
Let n be 6/(-9) + 2/3. Let t(x) be the second derivative of -x**3/6 + 7*x**2/2 + 3*x. What is the units digit of t(n)?
7
Suppose 2*i - 33 - 47 = 0. What is the tens digit of i?
4
Let q(u) = u - 5. Let f be q(7). Suppose -p + 6*b - 3*b = -17, -f*b = 4*p + 2. Suppose -l + 3*r = -1, -l + 4*l + p*r - 47 = 0. What is the units digit of l?
3
Let d = -11 + 7. Let a be (-4)/(-10) + d/10. Suppose 3*k + 4*o = -13, 5*k - 4*o - 21 = -a. What is the units digit of k?
1
Suppose 4*o = -2 - 2. What is the units digit of (-12)/(-3)*(o - -2)?
4
Suppose -2 - 13 = 3*h. Let l(p) = p + 9. What is the units digit of l(h)?
4
What is the hundreds digit of 194/(-4)*(7 - 13)?
2
Suppose 2*d = -8, -2*p + 23 = -5*d - 7. Suppose 4*c - 55 = p. What is the units digit of c?
5
Suppose 2*z - 70 = 3*v, 5*z - 6*v = -3*v + 157. What is the units digit of z?
9
Let j(h) = h**2 + 4*h - 3. Let m be j(-7). Suppose g = 2*s + m, 2*g - 46 = -3*g - s. What is the tens digit of g?
1
Let j be (-48)/9 - 2/(-6). Let o be j/10 + (-14)/(-4). Suppose -o*i + 2*i = -6. What is the units digit of i?
6
Suppose 4*y - 2*p - 20 = 2*y, y - 5*p = 30. Suppose 3 = -y*x + 13. Suppose d = -x*d + 6. What is the units digit of d?
2
Suppose 4*i + 2 = -6. What is the tens digit of i/12 + 253/6?
4
Let n = -4 - -1. Let p(b) be the third derivative of -b**4/24 + b**3/3 - b**2. What is the units digit of p(n)?
5
Suppose -2*u + 3*u - 3 = 0. Suppose 4 = -2*s - 4*g, g - 3 = -5. Suppose t + t = 2, -u*o + s*t = -7. What is the units digit of o?
3
Let k(w) = w**2 + 4*w + 3. Let t be k(-4). Suppose 0*b - 30 = t*b. What is the units digit of 9/5 + (-2)/b?
2
What is the hundreds digit of (7 + (-161)/21)*(-246)/1?
1
Let z(g) = g**2 + 2*g - 7. What is the units digit of z(-6)?
7
Suppose y = 4*x - 208, -4*x - 3*y + 208 = -5*y. What is the tens digit of x?
5
Let b = 10 + -7. What is the units digit of (-1*b)/(-3) - -7?
8
Suppose 9 - 24 = -5*d. Suppose 0 = -8*k + 3 + 13. Suppose d*x = -2*f - 8, -1 = 2*f + k*x + 3. What is the units digit of f?
2
Let f(n) = -53*n - 2. What is the hundreds digit of f(-4)?
2
Suppose 3*q - 90 = -0*n + 3*n, 2*q - 63 = n. What is the tens digit of q?
3
Let m(a) = -a**2 + 40*a + 49. What is the units digit of m(35)?
4
Let j(o) = -o**3 + 10*o**2 - 7*o - 7. Suppose 19 = 3*r - 8. What is the units digit of j(r)?
1
What is the units digit of 6/9 - (-836)/6?
0
Let k = 69 + -49. Suppose 3*l - t = k, 2*t - 15 = 3*l - 37. What is the units digit of l?
6
Suppose -4*u + 2*u = -42. Suppose g = 5*w + u, 5*g = -4*w + 11 + 7. What is the units digit of g?
6
Suppose 8*z - 5*y = 3*z + 10, -3*z + 8 = -4*y. Suppose -2*w - g + 6*g + 69 = z, 5*w + 3*g - 95 = 0. What is the tens digit of w?
2
Let p = -1 + -2. Let m be -3*p/((-27)/12). What is the units digit of 1*(-2 - m*1)?
2
Suppose t - 244 = -16. Suppose 3*h + h = t. Let c = -38 + h. What is the units digit of c?
9
Let j(z) = 12*z**2 + z. What is the tens digit of j(-2)?
4
Let q(t) = -t**2 - 9*t - 5. Let s be q(-8). What is the units digit of 0 + s + -3 + 9?
9
Let c = -148 - -377. What is the hundreds digit of c?
2
Let h be (-1)/(69/36 - 2). Suppose h = 3*i - 2*i. What is the tens digit of i?
1
Let h(w) = -3*w - 13. Let k be 105/(-12) - (-2)/(-8). What is the tens digit of h(k)?
1
Suppose 4*x + 2*o - 28 = 2*x, -3*o + 15 = 0. What is the units digit of x?
9
Let p(k) be the first derivative of -3*k**2 + 3 + 2*k - 1/3*k**3. What is the units digit of p(-5)?
7
Let x(z) = 6*z + 7. Let d be x(-2)